{"id":575,"date":"2021-04-01T14:52:14","date_gmt":"2021-04-01T12:52:14","guid":{"rendered":"https:\/\/wph.web-alain.com\/?page_id=575"},"modified":"2021-04-01T14:52:14","modified_gmt":"2021-04-01T12:52:14","slug":"politique-concernant-les-cookies","status":"publish","type":"page","link":"https:\/\/anrparis-75.fr\/index.php\/politique-concernant-les-cookies\/","title":{"rendered":"Politique concernant les cookies"},"content":{"rendered":"\n<div class=\"wp-block-themeisle-blocks-advanced-columns has-1-columns has-desktop-equal-layout has-tablet-equal-layout has-mobile-equal-layout has-default-gap has-vertical-unset\" id=\"wp-block-themeisle-blocks-advanced-columns-bdde8085\"><div class=\"wp-block-themeisle-blocks-advanced-columns-overlay\"><\/div><div class=\"innerblocks-wrap\">\n<div class=\"wp-block-themeisle-blocks-advanced-column\" id=\"wp-block-themeisle-blocks-advanced-column-54cd9c9e\"><\/div>\n<\/div><\/div>\n\n\n\n<p>L\u2019<strong>ANR Paris<\/strong> attache une attention toute particuli\u00e8re \u00e0 votre information sur l\u2019emploi des cookies. Cette page a pour but de vous sensibiliser \u00e0 l\u2019utilisation des cookies, vous informer de l\u2019utilisation qui en est faite et vous indiquer comment param\u00e9trer vos outils pour vous y opposer.<\/p>\n\n\n\n<h3 class=\"wp-block-heading\">Qu\u2019est-ce qu\u2019un cookie<\/h3>\n\n\n\n<p>Un cookie est un fichier texte de taille limit\u00e9e d\u00e9pos\u00e9 par le navigateur et stock\u00e9 sur votre terminal lors de votre visite sur un site internet.<\/p>\n\n\n\n<p>Lorsque vous consultez le site internet anr75.fr, nous pouvons, sous r\u00e9serve de vos choix, \u00eatre amen\u00e9s \u00e0 installer des cookies sur votre navigateur. Lorsque vous vous connecterez sur le site \u00e0 l\u2019aide du m\u00eame terminal, le navigateur pourra utiliser les donn\u00e9es du cookie et les transmettre au site.<\/p>\n\n\n\n<p>Les cookies d\u00e9pos\u00e9s sont importants pour le bon fonctionnement du site.<br>Ils permettent en particulier de :<\/p>\n\n\n\n<ul class=\"wp-block-list\"><li>M\u00e9moriser des informations relatives \u00e0 un formulaire que vous avez rempli sur notre site lors de votre inscription par exemple,<\/li><li>Collecter les statistiques en vue d\u2019optimiser les fonctionnalit\u00e9s du site,<\/li><\/ul>\n\n\n\n<p>Certains cookies peuvent d\u2019ores et d\u00e9j\u00e0 \u00eatre implant\u00e9s sur votre terminal et d\u2019autres doivent recueillir le consentement de l\u2019utilisateur. Lorsqu\u2019un cookie qui n\u00e9cessite le consentement de l\u2019internaute est susceptible d\u2019\u00eatre d\u00e9pos\u00e9 sur votre page Internet, un bandeau vous informe de sa pr\u00e9sence. Tant que <strong>l\u2019ANR Tarn-et-Garonne<\/strong> n\u2019a pas obtenu votre consentement, les cookies ne pourront pas \u00eatre d\u00e9pos\u00e9s ou lus sur votre terminal.<\/p>\n\n\n\n<h2 class=\"wp-block-heading\">Quels sont les cookies que l\u2019ANR Paris utilise ?<\/h2>\n\n\n\n<p>L\u2019ANR Paris utilise <a rel=\"noreferrer noopener\" href=\"https:\/\/fr.wordpress.org\/about\/\" target=\"_blank\">WordPress<\/a> comme gestionnaire de contenu. Veuillez consulter leur <a rel=\"noreferrer noopener\" href=\"https:\/\/wordpress.org\/about\/privacy\/cookies\/\" target=\"_blank\">Politique relative aux cookies<\/a>.<\/p>\n\n\n\n<h3 class=\"wp-block-heading\">Comment param\u00e9trer le d\u00e9p\u00f4t de cookies ?<\/h3>\n\n\n\n<p>Vos choix ne sont jamais d\u00e9finitifs. \u00c0 tout moment, vous pouvez d\u00e9sactiver tout ou partie des cookies selon les proc\u00e9d\u00e9s d\u00e9crits ci-dessous.<\/p>\n\n\n\n<h4 class=\"wp-block-heading\">Param\u00e9trage de votre logiciel de navigation<\/h4>\n\n\n\n<p>Pour la gestion des cookies et de vos choix, la configuration de chaque navigateur est diff\u00e9rente. Nous vous informons qu\u2019en param\u00e9trant votre navigateur pour refuser les cookies, certaines fonctionnalit\u00e9s du site ne seront pas accessibles. Nous ne saurons en aucun cas \u00eatre tenu pour responsable.<\/p>\n\n\n\n<ul class=\"wp-block-list\"><li>Pour Internet Explorer\u2122 : <a href=\"https:\/\/windows.microsoft.com\/fr-FR\/windows-vista\/Block-or-allow-cookies\" target=\"_blank\" rel=\"noreferrer noopener\">https:\/\/windows.microsoft.com\/fr-FR\/windows-vista\/Block-or-allow-cookies<\/a>,<\/li><li>Pour Safari\u2122 : <a href=\"https:\/\/support.apple.com\/kb\/PH17191?locale=fr_FR&amp;viewlocale=fr_FR\" target=\"_blank\" rel=\"noreferrer noopener\">https:\/\/support.apple.com\/kb\/PH17191?locale=fr_FR&amp;viewlocale=fr_FR<\/a>,<\/li><li>Pour Chrome\u2122 : <a href=\"https:\/\/support.google.com\/chrome\/bin\/answer.py?hl=fr&amp;hlrm=en&amp;answer=95647\" target=\"_blank\" rel=\"noreferrer noopener\">https:\/\/support.google.com\/chrome\/bin\/answer.py?hl=fr&amp;hlrm=en&amp;answer=95647<\/a>,<\/li><li>Pour Firefox\u2122 : <a href=\"https:\/\/support.mozilla.org\/fr\/kb\/Activer%20et%20d%C3%A9sactiver%20les%20cookies\" target=\"_blank\" rel=\"noreferrer noopener\">https:\/\/support.mozilla.org\/fr\/kb\/Activer%20et%20d%C3%A9sactiver%20les%20cookies<\/a>,<\/li><li>Pour Opera\u2122 : <a href=\"https:\/\/help.opera.com\/en\/latest\/web-preferences\/#cookies\" target=\"_blank\" rel=\"noreferrer noopener\">https:\/\/help.opera.com\/en\/latest\/web-preferences\/#cookies<\/a>,<\/li><\/ul>\n\n\n\n<h3 class=\"wp-block-heading\">Param\u00e9trage de votre smartphone<\/h3>\n\n\n\n<ul class=\"wp-block-list\"><li>Sur iOS : <a href=\"https:\/\/support.apple.com\/fr-fr\/HT201265\" target=\"_blank\" rel=\"noreferrer noopener\">https:\/\/support.apple.com\/fr-fr\/HT201265<\/a>,<\/li><li>Sur Android : <a href=\"https:\/\/support.google.com\/chrome\/topic\/3434352\" target=\"_blank\" rel=\"noreferrer noopener\">https:\/\/support.google.com\/chrome\/topic\/3434352<\/a>,<\/li><\/ul>\n","protected":false},"excerpt":{"rendered":"<p>L\u2019ANR Paris attache une attention toute particuli\u00e8re \u00e0 votre information sur l\u2019emploi des cookies. Cette page a pour but de vous sensibiliser \u00e0 l\u2019utilisation des cookies, vous informer de l\u2019utilisation qui en est faite et vous indiquer comment param\u00e9trer vos outils pour vous y opposer. Qu\u2019est-ce qu\u2019un cookie Un cookie [&hellip;]<\/p>\n","protected":false},"author":4,"featured_media":0,"parent":0,"menu_order":0,"comment_status":"closed","ping_status":"closed","template":"","meta":{"footnotes":""},"class_list":["post-575","page","type-page","status-publish","hentry"],"yoast_head":"<!-- This site is optimized with the Yoast SEO plugin v27.4 - https:\/\/yoast.com\/product\/yoast-seo-wordpress\/ -->\n<title>Politique concernant les cookies - Association Nationale de Retrait\u00e9s Groupe Paris<\/title>\n<meta name=\"robots\" content=\"index, follow, max-snippet:-1, max-image-preview:large, max-video-preview:-1\" \/>\n<link rel=\"canonical\" href=\"https:\/\/anrparis-75.fr\/index.php\/politique-concernant-les-cookies\/\" \/>\n<meta property=\"og:locale\" content=\"fr_FR\" \/>\n<meta property=\"og:type\" content=\"article\" \/>\n<meta property=\"og:title\" content=\"Politique concernant les cookies - Association Nationale de Retrait\u00e9s Groupe Paris\" \/>\n<meta property=\"og:description\" content=\"L\u2019ANR Paris attache une attention toute particuli\u00e8re \u00e0 votre information sur l\u2019emploi des cookies. Cette page a pour but de vous sensibiliser \u00e0 l\u2019utilisation des cookies, vous informer de l\u2019utilisation qui en est faite et vous indiquer comment param\u00e9trer vos outils pour vous y opposer. Qu\u2019est-ce qu\u2019un cookie Un cookie [&hellip;]\" \/>\n<meta property=\"og:url\" content=\"https:\/\/anrparis-75.fr\/index.php\/politique-concernant-les-cookies\/\" \/>\n<meta property=\"og:site_name\" content=\"Association Nationale de Retrait\u00e9s Groupe Paris\" \/>\n<meta name=\"twitter:card\" content=\"summary_large_image\" \/>\n<meta name=\"twitter:label1\" content=\"Dur\u00e9e de lecture estim\u00e9e\" \/>\n\t<meta name=\"twitter:data1\" content=\"2 minutes\" \/>\n<script type=\"application\/ld+json\" class=\"yoast-schema-graph\">{\"@context\":\"https:\\\/\\\/schema.org\",\"@graph\":[{\"@type\":\"WebPage\",\"@id\":\"https:\\\/\\\/anrparis-75.fr\\\/index.php\\\/politique-concernant-les-cookies\\\/\",\"url\":\"https:\\\/\\\/anrparis-75.fr\\\/index.php\\\/politique-concernant-les-cookies\\\/\",\"name\":\"Politique concernant les cookies - Association Nationale de Retrait\u00e9s Groupe Paris\",\"isPartOf\":{\"@id\":\"https:\\\/\\\/anrparis-75.fr\\\/#website\"},\"datePublished\":\"2021-04-01T12:52:14+00:00\",\"breadcrumb\":{\"@id\":\"https:\\\/\\\/anrparis-75.fr\\\/index.php\\\/politique-concernant-les-cookies\\\/#breadcrumb\"},\"inLanguage\":\"fr-FR\",\"potentialAction\":[{\"@type\":\"ReadAction\",\"target\":[\"https:\\\/\\\/anrparis-75.fr\\\/index.php\\\/politique-concernant-les-cookies\\\/\"]}]},{\"@type\":\"BreadcrumbList\",\"@id\":\"https:\\\/\\\/anrparis-75.fr\\\/index.php\\\/politique-concernant-les-cookies\\\/#breadcrumb\",\"itemListElement\":[{\"@type\":\"ListItem\",\"position\":1,\"name\":\"Accueil\",\"item\":\"https:\\\/\\\/anrparis-75.fr\\\/\"},{\"@type\":\"ListItem\",\"position\":2,\"name\":\"Politique concernant les cookies\"}]},{\"@type\":\"WebSite\",\"@id\":\"https:\\\/\\\/anrparis-75.fr\\\/#website\",\"url\":\"https:\\\/\\\/anrparis-75.fr\\\/\",\"name\":\"Association Nationale de Retrait\u00e9s Groupe Paris\",\"description\":\"Retraite active\",\"publisher\":{\"@id\":\"https:\\\/\\\/anrparis-75.fr\\\/#organization\"},\"potentialAction\":[{\"@type\":\"SearchAction\",\"target\":{\"@type\":\"EntryPoint\",\"urlTemplate\":\"https:\\\/\\\/anrparis-75.fr\\\/?s={search_term_string}\"},\"query-input\":{\"@type\":\"PropertyValueSpecification\",\"valueRequired\":true,\"valueName\":\"search_term_string\"}}],\"inLanguage\":\"fr-FR\"},{\"@type\":\"Organization\",\"@id\":\"https:\\\/\\\/anrparis-75.fr\\\/#organization\",\"name\":\"Association Nationale de Retrait\u00e9s Groupe Paris 75\",\"url\":\"https:\\\/\\\/anrparis-75.fr\\\/\",\"logo\":{\"@type\":\"ImageObject\",\"inLanguage\":\"fr-FR\",\"@id\":\"https:\\\/\\\/anrparis-75.fr\\\/#\\\/schema\\\/logo\\\/image\\\/\",\"url\":\"https:\\\/\\\/anrparis-75.fr\\\/wp-content\\\/uploads\\\/2021\\\/05\\\/logo-sans-rien.png\",\"contentUrl\":\"https:\\\/\\\/anrparis-75.fr\\\/wp-content\\\/uploads\\\/2021\\\/05\\\/logo-sans-rien.png\",\"width\":170,\"height\":156,\"caption\":\"Association Nationale de Retrait\u00e9s Groupe Paris 75\"},\"image\":{\"@id\":\"https:\\\/\\\/anrparis-75.fr\\\/#\\\/schema\\\/logo\\\/image\\\/\"}}]}<\/script>\n<!-- \/ Yoast SEO plugin. -->","yoast_head_json":{"title":"Politique concernant les cookies - Association Nationale de Retrait\u00e9s Groupe Paris","robots":{"index":"index","follow":"follow","max-snippet":"max-snippet:-1","max-image-preview":"max-image-preview:large","max-video-preview":"max-video-preview:-1"},"canonical":"https:\/\/anrparis-75.fr\/index.php\/politique-concernant-les-cookies\/","og_locale":"fr_FR","og_type":"article","og_title":"Politique concernant les cookies - Association Nationale de Retrait\u00e9s Groupe Paris","og_description":"L\u2019ANR Paris attache une attention toute particuli\u00e8re \u00e0 votre information sur l\u2019emploi des cookies. Cette page a pour but de vous sensibiliser \u00e0 l\u2019utilisation des cookies, vous informer de l\u2019utilisation qui en est faite et vous indiquer comment param\u00e9trer vos outils pour vous y opposer. Qu\u2019est-ce qu\u2019un cookie Un cookie [&hellip;]","og_url":"https:\/\/anrparis-75.fr\/index.php\/politique-concernant-les-cookies\/","og_site_name":"Association Nationale de Retrait\u00e9s Groupe Paris","twitter_card":"summary_large_image","twitter_misc":{"Dur\u00e9e de lecture estim\u00e9e":"2 minutes"},"schema":{"@context":"https:\/\/schema.org","@graph":[{"@type":"WebPage","@id":"https:\/\/anrparis-75.fr\/index.php\/politique-concernant-les-cookies\/","url":"https:\/\/anrparis-75.fr\/index.php\/politique-concernant-les-cookies\/","name":"Politique concernant les cookies - Association Nationale de Retrait\u00e9s Groupe Paris","isPartOf":{"@id":"https:\/\/anrparis-75.fr\/#website"},"datePublished":"2021-04-01T12:52:14+00:00","breadcrumb":{"@id":"https:\/\/anrparis-75.fr\/index.php\/politique-concernant-les-cookies\/#breadcrumb"},"inLanguage":"fr-FR","potentialAction":[{"@type":"ReadAction","target":["https:\/\/anrparis-75.fr\/index.php\/politique-concernant-les-cookies\/"]}]},{"@type":"BreadcrumbList","@id":"https:\/\/anrparis-75.fr\/index.php\/politique-concernant-les-cookies\/#breadcrumb","itemListElement":[{"@type":"ListItem","position":1,"name":"Accueil","item":"https:\/\/anrparis-75.fr\/"},{"@type":"ListItem","position":2,"name":"Politique concernant les cookies"}]},{"@type":"WebSite","@id":"https:\/\/anrparis-75.fr\/#website","url":"https:\/\/anrparis-75.fr\/","name":"Association Nationale de Retrait\u00e9s Groupe Paris","description":"Retraite active","publisher":{"@id":"https:\/\/anrparis-75.fr\/#organization"},"potentialAction":[{"@type":"SearchAction","target":{"@type":"EntryPoint","urlTemplate":"https:\/\/anrparis-75.fr\/?s={search_term_string}"},"query-input":{"@type":"PropertyValueSpecification","valueRequired":true,"valueName":"search_term_string"}}],"inLanguage":"fr-FR"},{"@type":"Organization","@id":"https:\/\/anrparis-75.fr\/#organization","name":"Association Nationale de Retrait\u00e9s Groupe Paris 75","url":"https:\/\/anrparis-75.fr\/","logo":{"@type":"ImageObject","inLanguage":"fr-FR","@id":"https:\/\/anrparis-75.fr\/#\/schema\/logo\/image\/","url":"https:\/\/anrparis-75.fr\/wp-content\/uploads\/2021\/05\/logo-sans-rien.png","contentUrl":"https:\/\/anrparis-75.fr\/wp-content\/uploads\/2021\/05\/logo-sans-rien.png","width":170,"height":156,"caption":"Association Nationale de Retrait\u00e9s Groupe Paris 75"},"image":{"@id":"https:\/\/anrparis-75.fr\/#\/schema\/logo\/image\/"}}]}},"_links":{"self":[{"href":"https:\/\/anrparis-75.fr\/index.php\/wp-json\/wp\/v2\/pages\/575","targetHints":{"allow":["GET"]}}],"collection":[{"href":"https:\/\/anrparis-75.fr\/index.php\/wp-json\/wp\/v2\/pages"}],"about":[{"href":"https:\/\/anrparis-75.fr\/index.php\/wp-json\/wp\/v2\/types\/page"}],"author":[{"embeddable":true,"href":"https:\/\/anrparis-75.fr\/index.php\/wp-json\/wp\/v2\/users\/4"}],"replies":[{"embeddable":true,"href":"https:\/\/anrparis-75.fr\/index.php\/wp-json\/wp\/v2\/comments?post=575"}],"version-history":[{"count":0,"href":"https:\/\/anrparis-75.fr\/index.php\/wp-json\/wp\/v2\/pages\/575\/revisions"}],"wp:attachment":[{"href":"https:\/\/anrparis-75.fr\/index.php\/wp-json\/wp\/v2\/media?parent=575"}],"curies":[{"name":"wp","href":"https:\/\/api.w.org\/{rel}","templated":true}]}}